{"id":193,"date":"2019-07-03T16:39:40","date_gmt":"2019-07-03T16:39:40","guid":{"rendered":"http:\/\/www.elamanvare.fi\/?page_id=193"},"modified":"2026-05-06T12:26:39","modified_gmt":"2026-05-06T10:26:39","slug":"kokemukseni-ja-koulutukseni","status":"publish","type":"page","link":"https:\/\/varepsykoterapia.fi\/index.php\/kokemukseni-ja-koulutukseni\/","title":{"rendered":"Kokemukseni ja koulutukseni"},"content":{"rendered":"\n<p><strong>Ammatillinen taustani ja osaamiseni<\/strong> <br>Mielenterveysty\u00f6n sektorilla olen toiminut avo- ja kriisity\u00f6ss\u00e4 (mm. HUS psykiatrian mielialah\u00e4iri\u00f6- ja akuuttipoliklinikoilla) , olen ty\u00f6skennellyt my\u00f6s ty\u00f6terveyshuollossa, sek\u00e4 p\u00e4ihdehoidossa avo- ja laitosmuotoisessa ty\u00f6ss\u00e4.<\/p>\n\n\n\n<h2 class=\"wp-block-heading\"><strong>Koulutukseni<\/strong><\/h2>\n\n\n\n<p>Sairaanhoitaja (1986) ja psykiatrinen erikoissairaanhoitaja (1996) <\/p>\n\n\n\n<p>Sairaanhoitaja\/terveydenhoitaja YAMK (2009)\u00a0\u00a0\u00a0<\/p>\n\n\n\n<p>P\u00e4ihdety\u00f6n ammattitutkinto (2016)<\/p>\n\n\n\n<p>Post Graduate Certificate in Sol Foc Therapy (Ratkaisuk. lyhytterapia 2017)\u00a0\u00a0<\/p>\n\n\n\n<p> Ratkaisukeskeinen taideterapeutti (2023) \u00a0\u00a0\u00a0\u00a0\u00a0\u00a0\u00a0\u00a0\u00a0\u00a0\u00a0\u00a0\u00a0\u00a0\u00a0\u00a0\u00a0\u00a0\u00a0\u00a0\u00a0\u00a0\u00a0\u00a0\u00a0\u00a0\u00a0\u00a0\u00a0\u00a0\u00a0\u00a0\u00a0\u00a0\u00a0\u00a0\u00a0\u00a0\u00a0\u00a0\u00a0\u00a0\u00a0\u00a0\u00a0\u00a0\u00a0\u00a0\u00a0\u00a0\u00a0\u00a0\u00a0 <\/p>\n\n\n\n<p>Skeematerapeutti (International Society of Schema Therapy serfioitu 2023) \u00a0\u00a0\u00a0 <\/p>\n\n\n\n<p>Kognitiivisen lyhytterapian p\u00e4tevyys (2024) \u00a0\u00a0\u00a0\u00a0\u00a0\u00a0\u00a0\u00a0\u00a0\u00a0\u00a0\u00a0\u00a0\u00a0\u00a0\u00a0\u00a0\u00a0\u00a0\u00a0\u00a0\u00a0\u00a0\u00a0\u00a0\u00a0\u00a0\u00a0\u00a0\u00a0\u00a0\u00a0\u00a0\u00a0\u00a0\u00a0\u00a0\u00a0\u00a0\u00a0\u00a0\u00a0\u00a0\u00a0\u00a0\u00a0\u00a0\u00a0\u00a0\u00a0\u00a0\u00a0\u00a0\u00a0\u00a0 <\/p>\n\n\n\n<p>Vireysvalmentaja NPTI (2024) \u00a0\u00a0\u00a0\u00a0\u00a0\u00a0\u00a0\u00a0\u00a0\u00a0\u00a0\u00a0\u00a0\u00a0\u00a0\u00a0\u00a0\u00a0\u00a0\u00a0\u00a0\u00a0\u00a0\u00a0\u00a0\u00a0\u00a0\u00a0\u00a0\u00a0\u00a0\u00a0\u00a0\u00a0\u00a0\u00a0\u00a0\u00a0\u00a0\u00a0\u00a0\u00a0\u00a0\u00a0\u00a0\u00a0\u00a0\u00a0\u00a0\u00a0\u00a0\u00a0\u00a0\u00a0\u00a0\u00a0\u00a0\u00a0\u00a0\u00a0\u00a0\u00a0\u00a0\u00a0\u00a0\u00a0\u00a0\u00a0\u00a0\u00a0\u00a0\u00a0\u00a0\u00a0\u00a0\u00a0\u00a0\u00a0\u00a0\u00a0\u00a0 <\/p>\n\n\n\n<p>Psykofyysinen psykoterapia (2025) \u00a0\u00a0\u00a0\u00a0\u00a0\u00a0\u00a0\u00a0\u00a0\u00a0\u00a0\u00a0\u00a0\u00a0\u00a0\u00a0\u00a0\u00a0\u00a0\u00a0\u00a0\u00a0\u00a0\u00a0\u00a0\u00a0\u00a0\u00a0\u00a0\u00a0\u00a0\u00a0\u00a0\u00a0\u00a0\u00a0\u00a0\u00a0\u00a0\u00a0\u00a0\u00a0\u00a0\u00a0\u00a0\u00a0\u00a0\u00a0\u00a0\u00a0\u00a0\u00a0\u00a0\u00a0\u00a0\u00a0\u00a0\u00a0\u00a0\u00a0\u00a0\u00a0\u00a0\u00a0\u00a0\u00a0\u00a0\u00a0\u00a0\u00a0\u00a0\u00a0\u00a0\u00a0\u00a0\u00a0\u00a0\u00a0\u00a0\u00a0\u00a0\u00a0\u00a0\u00a0\u00a0\u00a0\u00a0\u00a0\u00a0\u00a0\u00a0\u00a0\u00a0\u00a0\u00a0\u00a0\u00a0\u00a0\u00a0\u00a0 <\/p>\n\n\n\n<p>EMDR I (2025; EMDR II koulutuksessa)<\/p>\n\n\n\n<p>Integratiivinen yksil\u00f6psykoterapeutti (Valvira, KELA)<\/p>\n\n\n\n<figure class=\"wp-block-image size-full is-resized is-style-rounded\"><img loading=\"lazy\" decoding=\"async\" width=\"615\" height=\"600\" src=\"https:\/\/varepsykoterapia.fi\/wp-content\/uploads\/2023\/07\/9CF3778E-5D93-4778-9E0B-D7ED19D6F689.jpg\" alt=\"\" class=\"wp-image-533\" style=\"width:351px;height:auto\" srcset=\"https:\/\/varepsykoterapia.fi\/wp-content\/uploads\/2023\/07\/9CF3778E-5D93-4778-9E0B-D7ED19D6F689.jpg 615w, https:\/\/varepsykoterapia.fi\/wp-content\/uploads\/2023\/07\/9CF3778E-5D93-4778-9E0B-D7ED19D6F689-300x293.jpg 300w\" sizes=\"auto, (max-width: 615px) 100vw, 615px\" \/><\/figure>\n","protected":false},"excerpt":{"rendered":"<p>Ammatillinen taustani ja osaamiseni Mielenterveysty\u00f6n sektorilla olen toiminut avo- ja kriisity\u00f6ss\u00e4 (mm. HUS psykiatrian mielialah\u00e4iri\u00f6- ja akuuttipoliklinikoilla) , olen ty\u00f6skennellyt my\u00f6s ty\u00f6terveyshuollossa, sek\u00e4 p\u00e4ihdehoidossa avo- ja laitosmuotoisessa ty\u00f6ss\u00e4. Koulutukseni Sairaanhoitaja (1986) ja psykiatrinen erikoissairaanhoitaja (1996) Sairaanhoitaja\/terveydenhoitaja YAMK (2009)\u00a0\u00a0\u00a0 P\u00e4ihdety\u00f6n ammattitutkinto (2016) Post Graduate Certificate in Sol Foc Therapy (Ratkaisuk. lyhytterapia 2017)\u00a0\u00a0 Ratkaisukeskeinen taideterapeutti (2023) \u00a0\u00a0\u00a0\u00a0\u00a0\u00a0\u00a0\u00a0\u00a0\u00a0\u00a0\u00a0\u00a0\u00a0\u00a0\u00a0\u00a0\u00a0\u00a0\u00a0\u00a0\u00a0\u00a0\u00a0\u00a0\u00a0\u00a0\u00a0\u00a0\u00a0\u00a0\u00a0\u00a0\u00a0\u00a0\u00a0\u00a0\u00a0\u00a0\u00a0\u00a0\u00a0\u00a0\u00a0\u00a0\u00a0\u00a0\u00a0\u00a0\u00a0\u00a0\u00a0\u00a0 &hellip; <\/p>\n<p class=\"link-more\"><a href=\"https:\/\/varepsykoterapia.fi\/index.php\/kokemukseni-ja-koulutukseni\/\" class=\"more-link\">Jatka lukemista<span class=\"screen-reader-text\"> &#8221;Kokemukseni ja koulutukseni&#8221;<\/span><\/a><\/p>\n","protected":false},"author":1,"featured_media":0,"parent":0,"menu_order":0,"comment_status":"closed","ping_status":"closed","template":"","meta":{"footnotes":""},"class_list":["post-193","page","type-page","status-publish","hentry"],"acf":[],"_links":{"self":[{"href":"https:\/\/varepsykoterapia.fi\/index.php\/wp-json\/wp\/v2\/pages\/193","targetHints":{"allow":["GET"]}}],"collection":[{"href":"https:\/\/varepsykoterapia.fi\/index.php\/wp-json\/wp\/v2\/pages"}],"about":[{"href":"https:\/\/varepsykoterapia.fi\/index.php\/wp-json\/wp\/v2\/types\/page"}],"author":[{"embeddable":true,"href":"https:\/\/varepsykoterapia.fi\/index.php\/wp-json\/wp\/v2\/users\/1"}],"replies":[{"embeddable":true,"href":"https:\/\/varepsykoterapia.fi\/index.php\/wp-json\/wp\/v2\/comments?post=193"}],"version-history":[{"count":31,"href":"https:\/\/varepsykoterapia.fi\/index.php\/wp-json\/wp\/v2\/pages\/193\/revisions"}],"predecessor-version":[{"id":682,"href":"https:\/\/varepsykoterapia.fi\/index.php\/wp-json\/wp\/v2\/pages\/193\/revisions\/682"}],"wp:attachment":[{"href":"https:\/\/varepsykoterapia.fi\/index.php\/wp-json\/wp\/v2\/media?parent=193"}],"curies":[{"name":"wp","href":"https:\/\/api.w.org\/{rel}","templated":true}]}}